{"id":22,"date":"2020-08-12T04:47:20","date_gmt":"2020-08-12T04:47:20","guid":{"rendered":"https:\/\/ademcakir.com.tr\/?page_id=22"},"modified":"2021-07-19T01:08:25","modified_gmt":"2021-07-19T01:08:25","slug":"neler-yapiyorum","status":"publish","type":"page","link":"https:\/\/ademcakir.com.tr\/index.php\/neler-yapiyorum\/","title":{"rendered":"Neler Yap\u0131yorum?"},"content":{"rendered":"<p>[vc_section css=&#8221;.vc_custom_1626481373926{background-image: url(https:\/\/ademcakir.com.tr\/wp-content\/uploads\/2020\/11\/bg-sv3.png?id=455) !important;background-position: center !important;background-repeat: no-repeat !important;background-size: cover !important;}&#8221; el_id=&#8221;giris&#8221;][vc_row row_style=&#8221;gradient3&#8243; bg_position=&#8221;center bottom&#8221; bg_size=&#8221;100% auto&#8221; css=&#8221;.vc_custom_1607653747533{padding-top: 190px !important;padding-bottom: 60px !important;background-image: url(https:\/\/ademcakir.com.tr\/wp-content\/uploads\/2020\/11\/bg-f.svg?id=530) !important;background-position: 0 0 !important;background-repeat: no-repeat !important;}&#8221;][vc_column][vc_wp_custommenu nav_menu=&#8221;56&#8243;][vc_row_inner][vc_column_inner width=&#8221;1\/12&#8243; offset=&#8221;vc_col-lg-2 vc_hidden-sm vc_hidden-xs&#8221;][\/vc_column_inner][vc_column_inner offset=&#8221;vc_col-lg-8 vc_col-md-10&#8243;][vc_single_image image=&#8221;412&#8243; img_size=&#8221;full&#8221; alignment=&#8221;center&#8221; style=&#8221;vc_box_shadow_3d&#8221; css=&#8221;.vc_custom_1603335376589{margin-bottom: 20px !important;}&#8221;][vc_custom_heading text=&#8221;Bir sorunuz mu var, nereden ba\u015flayaca\u011f\u0131n\u0131zdan emin de\u011fil misiniz?&#8221; font_container=&#8221;tag:h6|text_align:center|color:%235468ff&#8221; use_theme_fonts=&#8221;yes&#8221; css=&#8221;.vc_custom_1626480588822{margin-bottom: 12px !important;}&#8221;][vc_custom_heading text=&#8221;Hedeflerinize Bizimle<br \/>\nUla\u015f\u0131n&#8221; font_container=&#8221;tag:h2|font_size:48px|text_align:center|line_height:52px&#8221; use_theme_fonts=&#8221;yes&#8221; el_class=&#8221;style3&#8243;][vc_empty_space height=&#8221;20px&#8221;][vc_custom_heading text=&#8221;Bize Ula\u015f\u0131n&#8221; font_container=&#8221;tag:div|font_size:21px|text_align:center|color:%233a416f|line_height:32px&#8221; use_theme_fonts=&#8221;yes&#8221;][vc_empty_space height=&#8221;20px&#8221;][\/vc_column_inner][vc_column_inner width=&#8221;1\/12&#8243; offset=&#8221;vc_col-lg-2 vc_col-md-1 vc_hidden-sm vc_hidden-xs&#8221;][\/vc_column_inner][\/vc_row_inner][vc_row_inner][vc_column_inner width=&#8221;1\/12&#8243; offset=&#8221;vc_hidden-sm vc_hidden-xs&#8221;][\/vc_column_inner][vc_column_inner offset=&#8221;vc_col-lg-10 vc_col-md-10&#8243;]\n<div class=\"wpcf7 no-js\" id=\"wpcf7-f401-o1\" lang=\"en-US\" dir=\"ltr\" data-wpcf7-id=\"401\">\n<div class=\"screen-reader-response\"><p role=\"status\" aria-live=\"polite\" aria-atomic=\"true\"><\/p> <ul><\/ul><\/div>\n<form action=\"\/index.php\/wp-json\/wp\/v2\/pages\/22#wpcf7-f401-o1\" method=\"post\" class=\"wpcf7-form init\" aria-label=\"Contact form\" novalidate=\"novalidate\" data-status=\"init\">\n<fieldset class=\"hidden-fields-container\"><input type=\"hidden\" name=\"_wpcf7\" value=\"401\" \/><input type=\"hidden\" name=\"_wpcf7_version\" value=\"6.1.1\" \/><input type=\"hidden\" name=\"_wpcf7_locale\" value=\"en_US\" \/><input type=\"hidden\" name=\"_wpcf7_unit_tag\" value=\"wpcf7-f401-o1\" \/><input type=\"hidden\" name=\"_wpcf7_container_post\" value=\"0\" \/><input type=\"hidden\" name=\"_wpcf7_posted_data_hash\" value=\"\" \/><input type=\"hidden\" name=\"_wpcf7_recaptcha_response\" value=\"\" \/>\n<\/fieldset>\n<div class=\"style2\">\n\t<div class=\"field grid columns-3\">\n\t\t<div class=\"field\">\n\t\t\t<p><label>Ad Soyad<\/label><br \/>\n<span class=\"wpcf7-form-control-wrap\" data-name=\"text-794\"><input size=\"40\" maxlength=\"400\" class=\"wpcf7-form-control wpcf7-text wpcf7-validates-as-required\" aria-required=\"true\" aria-invalid=\"false\" placeholder=\"\" value=\"\" type=\"text\" name=\"text-794\" \/><\/span>\n\t\t\t<\/p>\n\t\t<\/div>\n\t\t<div class=\"field\">\n\t\t\t<p><label>E-Posta *<\/label><br \/>\n<span class=\"wpcf7-form-control-wrap\" data-name=\"email-929\"><input size=\"40\" maxlength=\"400\" class=\"wpcf7-form-control wpcf7-email wpcf7-text wpcf7-validates-as-email\" aria-invalid=\"false\" placeholder=\"\" value=\"\" type=\"email\" name=\"email-929\" \/><\/span>\n\t\t\t<\/p>\n\t\t<\/div>\n\t\t<div class=\"field\">\n\t\t\t<p><label>Telefon<\/label><br \/>\n<span class=\"wpcf7-form-control-wrap\" data-name=\"tel-466\"><input size=\"40\" maxlength=\"400\" class=\"wpcf7-form-control wpcf7-tel wpcf7-text wpcf7-validates-as-tel\" aria-invalid=\"false\" placeholder=\"\" value=\"\" type=\"tel\" name=\"tel-466\" \/><\/span>\n\t\t\t<\/p>\n\t\t<\/div>\n\t<\/div>\n\t<div class=\"field btn\">\n\t\t<p><input class=\"wpcf7-form-control wpcf7-submit has-spinner\" type=\"submit\" value=\"G\u00f6nder\" \/><br \/>\n<label>Talebinize en k\u0131sa s\u00fcrede d\u00f6n\u00fc\u015f sa\u011flanacakt\u0131r.<\/label>\n\t\t<\/p>\n\t<\/div>\n<\/div><div class=\"wpcf7-response-output\" aria-hidden=\"true\"><\/div>\n<\/form>\n<\/div>\n[vc_custom_heading text=&#8221;\u00abDan\u0131\u015fmanl\u0131k Al\u00bb d\u00fc\u011fmesine t\u0131klayarak ki\u015fisel veri i\u015fleme politikas\u0131n\u0131 kabul etmi\u015f olursunuz.&#8221; font_container=&#8221;tag:p|font_size:13px|text_align:center&#8221; use_theme_fonts=&#8221;yes&#8221;][\/vc_column_inner][vc_column_inner width=&#8221;1\/12&#8243; offset=&#8221;vc_hidden-sm vc_hidden-xs&#8221;][\/vc_column_inner][\/vc_row_inner][\/vc_column][\/vc_row][\/vc_section][vc_row disable_element=&#8221;yes&#8221; row_style=&#8221;gradient3&#8243; css=&#8221;.vc_custom_1607653760184{padding-top: 10px !important;padding-bottom: 30px !important;}&#8221;][vc_column][vc_row_inner content_placement=&#8221;middle&#8221;][vc_column_inner offset=&#8221;vc_col-lg-3&#8243;][vc_column_text el_class=&#8221;style1&#8243;]Trusted by over 6.000 Ambitious Brands Across the US[\/vc_column_text][vc_empty_space height=&#8221;30px&#8221;][\/vc_column_inner][vc_column_inner offset=&#8221;vc_col-lg-9&#8243;]<ul class=\"iconlist iconlist iconlist-icon-xlarge \"><li ><div class=\"iconlist-item-icon\"><img decoding=\"async\" src=\"https:\/\/ademcakir.com.tr\/wp-content\/uploads\/2020\/09\/l2.svg\" alt=\"l2\" \/><\/div><div class=\"iconlist-item-content\"><\/div><\/li><li ><div class=\"iconlist-item-icon\"><img decoding=\"async\" src=\"https:\/\/ademcakir.com.tr\/wp-content\/uploads\/2020\/09\/l1.svg\" alt=\"l1\" \/><\/div><div class=\"iconlist-item-content\"><\/div><\/li><li ><div class=\"iconlist-item-icon\"><img decoding=\"async\" src=\"https:\/\/ademcakir.com.tr\/wp-content\/uploads\/2020\/09\/l5.svg\" alt=\"l5\" \/><\/div><div class=\"iconlist-item-content\"><\/div><\/li><li ><div class=\"iconlist-item-icon\"><img decoding=\"async\" src=\"https:\/\/ademcakir.com.tr\/wp-content\/uploads\/2020\/09\/l3.svg\" alt=\"l3\" \/><\/div><div class=\"iconlist-item-content\"><\/div><\/li><li ><div class=\"iconlist-item-icon\"><img decoding=\"async\" src=\"https:\/\/ademcakir.com.tr\/wp-content\/uploads\/2020\/09\/l6.svg\" alt=\"l6\" \/><\/div><div class=\"iconlist-item-content\"><\/div><\/li><li ><div class=\"iconlist-item-icon\"><img decoding=\"async\" src=\"https:\/\/ademcakir.com.tr\/wp-content\/uploads\/2020\/09\/l7.svg\" alt=\"l7\" \/><\/div><div class=\"iconlist-item-content\"><\/div><\/li><li ><div class=\"iconlist-item-icon\"><img decoding=\"async\" src=\"https:\/\/ademcakir.com.tr\/wp-content\/uploads\/2020\/09\/l4.svg\" alt=\"l4\" \/><\/div><div class=\"iconlist-item-content\"><\/div><\/li><li ><div class=\"iconlist-item-icon\"><img decoding=\"async\" src=\"https:\/\/ademcakir.com.tr\/wp-content\/uploads\/2020\/09\/l8.svg\" alt=\"l8\" \/><\/div><div class=\"iconlist-item-content\"><\/div><\/li><li ><div class=\"iconlist-item-icon\"><img decoding=\"async\" src=\"https:\/\/ademcakir.com.tr\/wp-content\/uploads\/2020\/09\/l9.svg\" alt=\"l9\" \/><\/div><div class=\"iconlist-item-content\"><\/div><\/li><\/ul>[vc_empty_space height=&#8221;30px&#8221;][\/vc_column_inner][\/vc_row_inner][\/vc_column][\/vc_row][vc_section section_style=&#8221;gradient&#8221; css=&#8221;.vc_custom_1626481393179{padding-top: 80px !important;padding-bottom: 50px !important;}&#8221; el_id=&#8221;neler-yapiyoruz&#8221;][vc_row el_class=&#8221;aligncenter&#8221;][vc_column width=&#8221;1\/6&#8243;][\/vc_column][vc_column width=&#8221;2\/3&#8243;][vc_custom_heading text=&#8221;Neler Yap\u0131yorum?&#8221; font_container=&#8221;tag:h6|text_align:center&#8221; use_theme_fonts=&#8221;yes&#8221; el_class=&#8221;style1&#8243;][vc_custom_heading text=&#8221;Web, Grafik Hizmetlerimize <strong>Neler Dahil?<\/strong>&#8221; font_container=&#8221;tag:h2|text_align:center&#8221; use_theme_fonts=&#8221;yes&#8221; css=&#8221;.vc_custom_1626480850833{margin-bottom: 15px !important;}&#8221;][vc_empty_space height=&#8221;50px&#8221;][\/vc_column][vc_column width=&#8221;1\/6&#8243;][\/vc_column][\/vc_row][vc_row][vc_column]<ul class=\"iconlist iconlist iconlist-icon-medium columns-3\"><li ><div class=\"iconlist-item-icon\"><i class=\"nnt-auto-flash-2\"><\/i><\/div><div class=\"iconlist-item-content\">\n<h4>Web Tasar\u0131m<\/h4>\n<p>web Tasar\u0131m, web yaz\u0131l\u0131m, web hosting, seo, e-ticaret gibi alanlarda, konusuna hakim, uzman personellerimizle sizin i\u00e7in \u00fcretiyoruz.<\/div><\/li><li ><div class=\"iconlist-item-icon\"><i class=\"nnt-app-store\"><\/i><\/div><div class=\"iconlist-item-content\">\n<h4>Grafik Tasar\u0131m<\/h4>\n<p>Logo, kurumsal kimlik, bro\u015f\u00fcr, men\u00fc bilboard, afi\u015f poster gibi tasar\u0131m alanlar\u0131nda hizmetler sunuyoruz.<\/div><\/li><li ><div class=\"iconlist-item-icon\"><i class=\"nnt-bulb-62\"><\/i><\/div><div class=\"iconlist-item-content\">\n<h4>Sosyal Medya Y\u00f6netimi<\/h4>\n<p>Sosyal medya hesaplar\u0131n\u0131n y\u00f6netilmesi, \u00f6zg\u00fcn i\u00e7erik olu\u015fturulmas\u0131 ve tasar\u0131m hizmetleri sunuyoruz.<\/div><\/li><li ><div class=\"iconlist-item-icon\"><i class=\"nnt-photo-editor\"><\/i><\/div><div class=\"iconlist-item-content\">\n<h4>Dijital Pazarlama<\/h4>\n<p>Google, instagram ve facebook reklamlar\u0131n\u0131z\u0131 profesyonel \u015fekilde optimize edip ihtiyac\u0131n\u0131z olan hiti sa\u011fl\u0131yoruz.<\/div><\/li><li ><div class=\"iconlist-item-icon\"><i class=\"nnt-geometry\"><\/i><\/div><div class=\"iconlist-item-content\">\n<h4>Prod\u00fcksiyon Hizmetleri<\/h4>\n<p>Markan\u0131z i\u00e7in t\u00fcm kreatif tasar\u0131m hizmetlerini yarat\u0131c\u0131 ve profesyonel bir bak\u0131\u015f a\u00e7\u0131s\u0131yla ele al\u0131yoruz. Markan\u0131z\u0131n kreatif g\u00f6z\u00fc olmay\u0131 hedefliyoruz.<\/div><\/li><li ><div class=\"iconlist-item-icon\"><i class=\"nnt-interview\"><\/i><\/div><div class=\"iconlist-item-content\">\n<h4>Marka Y\u00f6netimi<\/h4>\n<p>Marka kimli\u011fi, \u00fcr\u00fcn veya hizmetin m\u00fc\u015fteri g\u00f6z\u00fcnde nas\u0131l alg\u0131land\u0131\u011f\u0131n\u0131n g\u00f6stergesidir. G\u00fc\u00e7l\u00fc bir marka kimli\u011fi ile \u00fcr\u00fcn veya hizmetlerinizin de\u011ferini\u00a0 art\u0131rabilirsiniz.<\/div><\/li><\/ul>[\/vc_column][\/vc_row][vc_row][vc_column width=&#8221;1\/12&#8243; offset=&#8221;vc_col-lg-2 vc_hidden-sm vc_hidden-xs&#8221;][\/vc_column][vc_column offset=&#8221;vc_col-lg-8 vc_col-md-10&#8243;][vc_empty_space height=&#8221;40px&#8221;][vc_text_separator title=&#8221;M\u00fc\u015fterilerimiz Ne Dedi?&#8221; color=&#8221;custom&#8221; accent_color=&#8221;rgba(107,124,147,0.3)&#8221;][vc_empty_space height=&#8221;40px&#8221;][vc_tta_pageable][vc_tta_section title=&#8221;Section 1&#8243; tab_id=&#8221;1604892167243-41c2bc15-6770&#8243;]\n\t<div class=\"testimonial  \">\n\t\t\t\t<div class=\"testimonial-wrap\">\n\t\t\t<div class=\"testimonial-author\">\n\t\t\t\t<strong class=\"author-name\">G\u00f6khan \u00c7AKIR<\/strong>\n\t\t\t\t<div class=\"author-info\"><span class=\"subtitle\">\u0130stanbul<\/span><\/div>\n\t\t\t<\/div>\n\t\t\t<div class=\"testimonial-content\">\n\t\t\t\t<p>\u00e7ok te\u015fekk\u00fcr ederim ? 4 senelik \u00e7al\u0131\u015fmam\u0131za dayanarak en iyi web sitesi ve tasar\u0131mlar\u0131 Google reklamlarimda en iyi sonu\u00e7lar elde ettim kendilerini g\u00f6n\u00fclden tebrik eder ba\u015far\u0131lar\u0131n\u0131n devam\u0131n\u0131 dilerim.<\/p>\n\t\t\t<\/div>\n\t\t<\/div>\n\t<\/div>\n[\/vc_tta_section][vc_tta_section title=&#8221;Section 1&#8243; tab_id=&#8221;1604892203189-e8e08d60-118e&#8221;]\n\t<div class=\"testimonial  \">\n\t\t\t\t<div class=\"testimonial-wrap\">\n\t\t\t<div class=\"testimonial-author\">\n\t\t\t\t<strong class=\"author-name\">Esra DOKUYUCU<\/strong>\n\t\t\t\t<div class=\"author-info\"><span class=\"subtitle\">Ressam<\/span><\/div>\n\t\t\t<\/div>\n\t\t\t<div class=\"testimonial-content\">\n\t\t\t\t<\/p>\n<div class=\"jxjCjc\">\n<div>\n<div class=\"Jtu6Td\">Uzun s\u00fcredir domain, hosting ve makale hizmeti al\u0131yorum. Adem Beye ba\u015far\u0131lar diliyorum.<\/div>\n<\/div>\n<\/div>\n<p>\n\t\t\t<\/div>\n\t\t<\/div>\n\t<\/div>\n[\/vc_tta_section][\/vc_tta_pageable][\/vc_column][vc_column width=&#8221;1\/12&#8243; offset=&#8221;vc_col-lg-2 vc_hidden-sm vc_hidden-xs&#8221;][\/vc_column][\/vc_row][\/vc_section][vc_row row_style=&#8221;gradient2&#8243; css=&#8221;.vc_custom_1626481422866{padding-top: 80px !important;padding-bottom: 80px !important;}&#8221; el_id=&#8221;neler-yaptim&#8221;][vc_column][vc_row_inner el_class=&#8221;aligncenter&#8221;][vc_column_inner width=&#8221;1\/6&#8243;][\/vc_column_inner][vc_column_inner width=&#8221;2\/3&#8243;][vc_custom_heading text=&#8221;Neler Yapt\u0131m?&#8221; font_container=&#8221;tag:h6|text_align:center&#8221; use_theme_fonts=&#8221;yes&#8221; el_class=&#8221;style1&#8243; css=&#8221;.vc_custom_1626481124349{background-color: #ff4c00 !important;}&#8221;][vc_custom_heading text=&#8221;Referanslar\u0131m&#8221; font_container=&#8221;tag:h2|text_align:center&#8221; use_theme_fonts=&#8221;yes&#8221; css=&#8221;.vc_custom_1626481132194{margin-bottom: 5px !important;}&#8221;][vc_custom_heading text=&#8221;Karalad\u0131k bi\u015feyler&#8230;&#8221; font_container=&#8221;tag:p|font_size:18px|text_align:center|line_height:30px&#8221; use_theme_fonts=&#8221;yes&#8221;][vc_empty_space height=&#8221;60px&#8221;][\/vc_column_inner][vc_column_inner width=&#8221;1\/6&#8243;][\/vc_column_inner][\/vc_row_inner][project-carousel limit=&#8221;3&#8243; offset=&#8221;0&#8243; readmore_text=&#8221;View more info&#8221; items=&#8221;1&#8243; autoplay=&#8221;no&#8221; autoplay_speed=&#8221;5000&#8243; slide_speed=&#8221;1000&#8243; pagination_speed=&#8221;1000&#8243; rewind_speed=&#8221;1000&#8243; tablet_items=&#8221;2&#8243; mobile_items=&#8221;1&#8243; thumbnail_size=&#8221;full&#8221;][vc_empty_space height=&#8221;160px&#8221;][vc_separator color=&#8221;custom&#8221; accent_color=&#8221;rgba(107,124,147,0.2)&#8221;][\/vc_column][\/vc_row]<\/p>\n","protected":false},"excerpt":{"rendered":"<p>[vc_section css=&#8221;.vc_custom_1626481373926{background-image: url(https:\/\/ademcakir.com.tr\/wp-content\/uploads\/2020\/11\/bg-sv3.png?id=455) !important;background-position: center !important;background-repeat: no-repeat !important;background-size: cover !important;}&#8221; el_id=&#8221;giris&#8221;][vc_row row_style=&#8221;gradient3&#8243; bg_position=&#8221;center bottom&#8221; bg_size=&#8221;100% auto&#8221; css=&#8221;.vc_custom_1607653747533{padding-top: 190px !important;padding-bottom: 60px !important;background-image: url(https:\/\/ademcakir.com.tr\/wp-content\/uploads\/2020\/11\/bg-f.svg?id=530) !important;background-position: 0 0 !important;background-repeat: no-repeat !important;}&#8221;][vc_column][vc_wp_custommenu nav_menu=&#8221;56&#8243;][vc_row_inner][vc_column_inner width=&#8221;1\/12&#8243; offset=&#8221;vc_col-lg-2 vc_hidden-sm vc_hidden-xs&#8221;][\/vc_column_inner][vc_column_inner offset=&#8221;vc_col-lg-8 vc_col-md-10&#8243;][vc_single_image image=&#8221;412&#8243; img_size=&#8221;full&#8221; alignment=&#8221;center&#8221; style=&#8221;vc_box_shadow_3d&#8221; css=&#8221;.vc_custom_1603335376589{margin-bottom: 20px !important;}&#8221;][vc_custom_heading text=&#8221;Bir sorunuz mu var, nereden ba\u015flayaca\u011f\u0131n\u0131zdan emin de\u011fil misiniz?&#8221; font_container=&#8221;tag:h6|text_align:center|color:%235468ff&#8221; use_theme_fonts=&#8221;yes&#8221; css=&#8221;.vc_custom_1626480588822{margin-bottom: 12px [&hellip;]<\/p>\n","protected":false},"author":1,"featured_media":0,"parent":0,"menu_order":0,"comment_status":"closed","ping_status":"closed","template":"tmpl\/template-fullwidth.php","meta":{"footnotes":""},"class_list":["post-22","page","type-page","status-publish","hentry"],"_links":{"self":[{"href":"https:\/\/ademcakir.com.tr\/index.php\/wp-json\/wp\/v2\/pages\/22","targetHints":{"allow":["GET"]}}],"collection":[{"href":"https:\/\/ademcakir.com.tr\/index.php\/wp-json\/wp\/v2\/pages"}],"about":[{"href":"https:\/\/ademcakir.com.tr\/index.php\/wp-json\/wp\/v2\/types\/page"}],"author":[{"embeddable":true,"href":"https:\/\/ademcakir.com.tr\/index.php\/wp-json\/wp\/v2\/users\/1"}],"replies":[{"embeddable":true,"href":"https:\/\/ademcakir.com.tr\/index.php\/wp-json\/wp\/v2\/comments?post=22"}],"version-history":[{"count":11,"href":"https:\/\/ademcakir.com.tr\/index.php\/wp-json\/wp\/v2\/pages\/22\/revisions"}],"predecessor-version":[{"id":839,"href":"https:\/\/ademcakir.com.tr\/index.php\/wp-json\/wp\/v2\/pages\/22\/revisions\/839"}],"wp:attachment":[{"href":"https:\/\/ademcakir.com.tr\/index.php\/wp-json\/wp\/v2\/media?parent=22"}],"curies":[{"name":"wp","href":"https:\/\/api.w.org\/{rel}","templated":true}]}}